{"id":170,"date":"2022-04-04T23:49:35","date_gmt":"2022-04-04T21:49:35","guid":{"rendered":"http:\/\/glos-ojca.pl\/?page_id=170"},"modified":"2022-04-04T23:51:35","modified_gmt":"2022-04-04T21:51:35","slug":"rekolekcje-dla-mezczyzn","status":"publish","type":"page","link":"http:\/\/glos-ojca.pl\/index.php\/rekolekcje-dla-mezczyzn\/","title":{"rendered":"Rekolekcje dla m\u0119\u017cczyzn"},"content":{"rendered":"\n<section id=\"wp-block-themeisle-blocks-advanced-columns-dab9e0bf\" class=\"wp-block-themeisle-blocks-advanced-columns alignfull has-1-columns has-desktop-equal-layout has-tablet-equal-layout has-mobile-equal-layout has-vertical-flex-start\"><div class=\"wp-block-themeisle-blocks-advanced-columns-overlay\"><\/div><div class=\"innerblocks-wrap\">\n<div id=\"wp-block-themeisle-blocks-advanced-column-9df22226\" class=\"wp-block-themeisle-blocks-advanced-column\">\n<section id=\"wp-block-themeisle-blocks-advanced-columns-25c95699\" class=\"wp-block-themeisle-blocks-advanced-columns has-1-columns has-desktop-equal-layout has-tablet-equal-layout has-mobile-equal-layout has-vertical-flex-start\"><div class=\"wp-block-themeisle-blocks-advanced-columns-overlay\"><\/div><div class=\"innerblocks-wrap\">\n<div id=\"wp-block-themeisle-blocks-advanced-column-d4d9a4f8\" class=\"wp-block-themeisle-blocks-advanced-column\">\n<h2 class=\"has-text-align-center wp-block-heading\">1 Tes 5, 11<\/h2>\n\n\n\n<hr class=\"wp-block-separator has-text-color has-background has-black-background-color has-black-color\"\/>\n\n\n\n<p class=\"has-text-align-center\"><strong> \u00abDlatego zach\u0119cajcie si\u0119 wzajemnie i budujcie jedni drugich, jak to zreszt\u0105 czynicie.\u00bb<\/strong><\/p>\n<\/div>\n<\/div><\/section>\n\n\n\n<p>Jeden raz w roku organizujemy rekolekcje wyjazdowe dla m\u0119\u017cczyzn ze Wsp\u00f3lnoty, z kt\u00f3rych wracamy bogatsi i umocnieni w wierze. Byli\u015bmy m.in w takich miejscach jak Opactwo Benedyktyn\u00f3w w Ty\u0144cu, jak r\u00f3wnie\u017c go\u015bcili\u015bmy w domu Wsp\u00f3lnoty \u017bycia Archidiecezji Przemyskiej we Wrocance.<\/p>\n\n\n\n<section id=\"wp-block-themeisle-blocks-advanced-columns-b56443a0\" class=\"wp-block-themeisle-blocks-advanced-columns has-2-columns has-desktop-equal-layout has-tablet-equal-layout has-mobile-collapsedRows-layout has-vertical-flex-start\"><div class=\"wp-block-themeisle-blocks-advanced-columns-overlay\"><\/div><div class=\"innerblocks-wrap\">\n<div id=\"wp-block-themeisle-blocks-advanced-column-1bb9ffb4\" class=\"wp-block-themeisle-blocks-advanced-column\">\n<figure class=\"wp-block-image size-large\"><img loading=\"lazy\" decoding=\"async\" width=\"1024\" height=\"576\" src=\"http:\/\/glos-ojca.pl\/wp-content\/uploads\/2022\/04\/20201009_153600-1024x576.jpg\" alt=\"\" class=\"wp-image-171\" srcset=\"http:\/\/glos-ojca.pl\/wp-content\/uploads\/2022\/04\/20201009_153600-1024x576.jpg 1024w, http:\/\/glos-ojca.pl\/wp-content\/uploads\/2022\/04\/20201009_153600-300x169.jpg 300w, http:\/\/glos-ojca.pl\/wp-content\/uploads\/2022\/04\/20201009_153600-768x432.jpg 768w, http:\/\/glos-ojca.pl\/wp-content\/uploads\/2022\/04\/20201009_153600-18x10.jpg 18w, http:\/\/glos-ojca.pl\/wp-content\/uploads\/2022\/04\/20201009_153600.jpg 1200w\" sizes=\"auto, (max-width: 1024px) 100vw, 1024px\" \/><\/figure>\n\n\n\n<div id=\"wp-block-themeisle-blocks-button-group-ef10a191\" class=\"wp-block-themeisle-blocks-button-group wp-block-buttons align-center\">\n<div id=\"wp-block-themeisle-blocks-button-b269a738\" class=\"wp-block-themeisle-blocks-button wp-block-button\"><a target=\"_self\" rel=\"noopener noreferrer\" class=\"wp-block-button__link\"><span><\/span><\/a><\/div>\n<\/div>\n<\/div>\n\n\n\n<div id=\"wp-block-themeisle-blocks-advanced-column-e0a218d6\" class=\"wp-block-themeisle-blocks-advanced-column\">\n<figure class=\"wp-block-image size-large\"><img loading=\"lazy\" decoding=\"async\" width=\"1024\" height=\"576\" src=\"http:\/\/glos-ojca.pl\/wp-content\/uploads\/2022\/04\/20191123_134603-1024x576.jpg\" alt=\"\" class=\"wp-image-172\" srcset=\"http:\/\/glos-ojca.pl\/wp-content\/uploads\/2022\/04\/20191123_134603-1024x576.jpg 1024w, http:\/\/glos-ojca.pl\/wp-content\/uploads\/2022\/04\/20191123_134603-300x169.jpg 300w, http:\/\/glos-ojca.pl\/wp-content\/uploads\/2022\/04\/20191123_134603-768x432.jpg 768w, http:\/\/glos-ojca.pl\/wp-content\/uploads\/2022\/04\/20191123_134603-18x10.jpg 18w, http:\/\/glos-ojca.pl\/wp-content\/uploads\/2022\/04\/20191123_134603.jpg 1200w\" sizes=\"auto, (max-width: 1024px) 100vw, 1024px\" \/><\/figure>\n<\/div>\n<\/div><\/section>\n<\/div>\n<\/div><\/section>\n","protected":false},"excerpt":{"rendered":"","protected":false},"author":1,"featured_media":0,"parent":0,"menu_order":0,"comment_status":"closed","ping_status":"closed","template":"","meta":{"_themeisle_gutenberg_block_has_review":false,"footnotes":""},"class_list":["post-170","page","type-page","status-publish","hentry"],"_links":{"self":[{"href":"http:\/\/glos-ojca.pl\/index.php\/wp-json\/wp\/v2\/pages\/170","targetHints":{"allow":["GET"]}}],"collection":[{"href":"http:\/\/glos-ojca.pl\/index.php\/wp-json\/wp\/v2\/pages"}],"about":[{"href":"http:\/\/glos-ojca.pl\/index.php\/wp-json\/wp\/v2\/types\/page"}],"author":[{"embeddable":true,"href":"http:\/\/glos-ojca.pl\/index.php\/wp-json\/wp\/v2\/users\/1"}],"replies":[{"embeddable":true,"href":"http:\/\/glos-ojca.pl\/index.php\/wp-json\/wp\/v2\/comments?post=170"}],"version-history":[{"count":2,"href":"http:\/\/glos-ojca.pl\/index.php\/wp-json\/wp\/v2\/pages\/170\/revisions"}],"predecessor-version":[{"id":176,"href":"http:\/\/glos-ojca.pl\/index.php\/wp-json\/wp\/v2\/pages\/170\/revisions\/176"}],"wp:attachment":[{"href":"http:\/\/glos-ojca.pl\/index.php\/wp-json\/wp\/v2\/media?parent=170"}],"curies":[{"name":"wp","href":"https:\/\/api.w.org\/{rel}","templated":true}]}}

Rekolekcje dla mężczyzn

<section id="wp-block-themeisle-blocks-advanced-columns-dab9e0bf" class="wp-block-themeisle-blocks-advanced-columns alignfull has-1-columns has-desktop-equal-layout has-tablet-equal-layout has-mobile-equal-layout has-vertical-flex-start"><div class="wp-block-themeisle-blocks-advanced-columns-overlay"></div><div class="innerblocks-wrap">
<div id="wp-block-themeisle-blocks-advanced-column-9df22226" class="wp-block-themeisle-blocks-advanced-column">
<section id="wp-block-themeisle-blocks-advanced-columns-25c95699" class="wp-block-themeisle-blocks-advanced-columns has-1-columns has-desktop-equal-layout has-tablet-equal-layout has-mobile-equal-layout has-vertical-flex-start"><div class="wp-block-themeisle-blocks-advanced-columns-overlay"></div><div class="innerblocks-wrap">
<div id="wp-block-themeisle-blocks-advanced-column-d4d9a4f8" class="wp-block-themeisle-blocks-advanced-column">
<h2 class="has-text-align-center wp-block-heading">1 Tes 5, 11</h2>



<hr class="wp-block-separator has-text-color has-background has-black-background-color has-black-color"/>



<p class="has-text-align-center"><strong> «Dlatego zachęcajcie się wzajemnie i budujcie jedni drugich, jak to zresztą czynicie.»</strong></p>
</div>
</div></section>



<p>Jeden raz w roku organizujemy rekolekcje wyjazdowe dla mężczyzn ze Wspólnoty, z których wracamy bogatsi i umocnieni w wierze. Byliśmy m.in w takich miejscach jak Opactwo Benedyktynów w Tyńcu, jak również gościliśmy w domu Wspólnoty Życia Archidiecezji Przemyskiej we Wrocance.</p>



<section id="wp-block-themeisle-blocks-advanced-columns-b56443a0" class="wp-block-themeisle-blocks-advanced-columns has-2-columns has-desktop-equal-layout has-tablet-equal-layout has-mobile-collapsedRows-layout has-vertical-flex-start"><div class="wp-block-themeisle-blocks-advanced-columns-overlay"></div><div class="innerblocks-wrap">
<div id="wp-block-themeisle-blocks-advanced-column-1bb9ffb4" class="wp-block-themeisle-blocks-advanced-column">
<figure class="wp-block-image size-large"><img loading="lazy" decoding="async" width="1024" height="576" src="http://glos-ojca.pl/wp-content/uploads/2022/04/20201009_153600-1024x576.jpg" alt="" class="wp-image-171" srcset="http://glos-ojca.pl/wp-content/uploads/2022/04/20201009_153600-1024x576.jpg 1024w, http://glos-ojca.pl/wp-content/uploads/2022/04/20201009_153600-300x169.jpg 300w, http://glos-ojca.pl/wp-content/uploads/2022/04/20201009_153600-768x432.jpg 768w, http://glos-ojca.pl/wp-content/uploads/2022/04/20201009_153600-18x10.jpg 18w, http://glos-ojca.pl/wp-content/uploads/2022/04/20201009_153600.jpg 1200w" sizes="auto, (max-width: 1024px) 100vw, 1024px" /></figure>



<div id="wp-block-themeisle-blocks-button-group-ef10a191" class="wp-block-themeisle-blocks-button-group wp-block-buttons align-center">
<div id="wp-block-themeisle-blocks-button-b269a738" class="wp-block-themeisle-blocks-button wp-block-button"><a target="_self" rel="noopener noreferrer" class="wp-block-button__link"><span></span></a></div>
</div>
</div>



<div id="wp-block-themeisle-blocks-advanced-column-e0a218d6" class="wp-block-themeisle-blocks-advanced-column">
<figure class="wp-block-image size-large"><img loading="lazy" decoding="async" width="1024" height="576" src="http://glos-ojca.pl/wp-content/uploads/2022/04/20191123_134603-1024x576.jpg" alt="" class="wp-image-172" srcset="http://glos-ojca.pl/wp-content/uploads/2022/04/20191123_134603-1024x576.jpg 1024w, http://glos-ojca.pl/wp-content/uploads/2022/04/20191123_134603-300x169.jpg 300w, http://glos-ojca.pl/wp-content/uploads/2022/04/20191123_134603-768x432.jpg 768w, http://glos-ojca.pl/wp-content/uploads/2022/04/20191123_134603-18x10.jpg 18w, http://glos-ojca.pl/wp-content/uploads/2022/04/20191123_134603.jpg 1200w" sizes="auto, (max-width: 1024px) 100vw, 1024px" /></figure>
</div>
</div></section>
</div>
</div></section>
