{"id":65,"date":"2022-03-30T17:20:25","date_gmt":"2022-03-30T15:20:25","guid":{"rendered":"http:\/\/glos-ojca.pl\/?page_id=65"},"modified":"2022-03-30T20:35:16","modified_gmt":"2022-03-30T18:35:16","slug":"o-nas","status":"publish","type":"page","link":"http:\/\/glos-ojca.pl\/index.php\/o-nas\/","title":{"rendered":"O nas"},"content":{"rendered":"\n<div class=\"wp-block-columns is-layout-flex wp-container-core-columns-is-layout-9d6595d7 wp-block-columns-is-layout-flex\">\n<div class=\"wp-block-column is-layout-flow wp-block-column-is-layout-flow\" style=\"flex-basis:66.66%\">\n<p>Jeste\u015bmy wsp\u00f3lnot\u0105, kt\u00f3ra powsta\u0142a w odpowiedzi na kryzys m\u0119sko\u015bci w ko\u015bciele i ojcostwa, spowodowany m.in. nadmiern\u0105 prac\u0105 i nieobecno\u015bci\u0105 m\u0119\u017cczyzn w domu. Brak g\u0142owy rodziny odbija si\u0119 na rozwoju nie tylko dzieci ale r\u00f3wnie\u017c w relacjach mi\u0119dzy ma\u0142\u017conkami.&nbsp;Chcemy i\u015b\u0107 pod pr\u0105d, wbrew \u015bwiatowym trendom, w kt\u00f3rych to skierowanie tylko na osobisty rozw\u00f3j oraz karier\u0119 jest cz\u0119sto stawiane na pierwszym miejscu. Nasza wsp\u00f3lnota na pierwszym miejscu stawia Boga, kt\u00f3ry jest \u017ar\u00f3d\u0142em dobra i chcemy wzrasta\u0107 w tej \u015bwiadomo\u015bci. B\u00f3g jest najlepszym Ojcem, o kt\u00f3rym dzi\u015b tak cz\u0119sto si\u0119 zapomina. Chcemy s\u0142ucha\u0107 Jego G\u0142osu, i\u015b\u0107 za Nim aby wzrasta\u0107 w relacji z Nim ale r\u00f3wnie\u017c dzi\u0119ki Niemu pog\u0142\u0119bia\u0107 nasze kompetencje ojcowskie.<\/p>\n\n\n\n<p>Do tego celu s\u0142u\u017c\u0105 nam spotkania formacyjne, kt\u00f3re odbywaj\u0105 si\u0119 w ka\u017cdy czwartek o 19.00 w salce pod plebania w parafii Matki Bo\u017cej Nieustaj\u0105cej Pomocy w Pruszkowie. Na spotkaniach formacyjnych, czytamy i rozwa\u017camy S\u0142owo Bo\u017ce z najbli\u017cszej niedzieli. Pozwala nam to lepiej prze\u017cy\u0107 Msze \u015bwi\u0119ta i bardziej zrozumie\u0107 liturgi\u0119 S\u0142owa.<\/p>\n\n\n\n<p>Poza spotkaniami formacyjnymi, raz w miesi\u0105cu staramy si\u0119 organizowa\u0107 atrakcyjne spotkania z dzie\u0107mi tak, aby mog\u0142y si\u0119 integrowa\u0107, rozwija\u0107, bawi\u0107 oraz aktywnie i ciekawie sp\u0119dza\u0107 czas.&nbsp;<\/p>\n<\/div>\n\n\n\n<div class=\"wp-block-column is-layout-flow wp-block-column-is-layout-flow\" style=\"flex-basis:33.33%\">\n<figure class=\"wp-block-image size-full\"><img loading=\"lazy\" decoding=\"async\" width=\"629\" height=\"355\" src=\"http:\/\/glos-ojca.pl\/wp-content\/uploads\/2022\/03\/glos-ojca.png\" alt=\"\" class=\"wp-image-67\" srcset=\"http:\/\/glos-ojca.pl\/wp-content\/uploads\/2022\/03\/glos-ojca.png 629w, http:\/\/glos-ojca.pl\/wp-content\/uploads\/2022\/03\/glos-ojca-300x169.png 300w, http:\/\/glos-ojca.pl\/wp-content\/uploads\/2022\/03\/glos-ojca-18x10.png 18w\" sizes=\"auto, (max-width: 629px) 100vw, 629px\" \/><\/figure>\n\n\n\n<p><strong>Swoj\u0105 to\u017csamo\u015b\u0107 odnajdujemy w konkretnych s\u0142owach Ewangelii:<\/strong><\/p>\n\n\n\n<p><strong><em>J 5, 19-20 &#8211; Jezus im m\u00f3wi\u0142: \u00abZaprawd\u0119, zaprawd\u0119, powiadam wam: Syn nie mo\u017ce niczego czyni\u0107 sam z siebie, je\u015bli nie widzi Ojca czyni\u0105cego. Albowiem to samo, co On czyni, podobnie i Syn czyni.\u00a0 Ojciec bowiem mi\u0142uje Syna i ukazuje Mu to wszystko, co sam czyni, i jeszcze wi\u0119ksze dzie\u0142a uka\u017ce Mu, aby\u015bcie si\u0119 dziwili.\u00a0<\/em><\/strong><\/p>\n<\/div>\n<\/div>\n\n\n\n<p><\/p>\n","protected":false},"excerpt":{"rendered":"<p>Jeste\u015bmy wsp\u00f3lnot\u0105, kt\u00f3ra powsta\u0142a w odpowiedzi na kryzys m\u0119sko\u015bci w ko\u015bciele i ojcostwa, spowodowany m.in. nadmiern\u0105 prac\u0105 i nieobecno\u015bci\u0105 m\u0119\u017cczyzn w domu. Brak g\u0142owy rodziny odbija si\u0119 na rozwoju nie tylko dzieci ale r\u00f3wnie\u017c w relacjach mi\u0119dzy ma\u0142\u017conkami.&nbsp;Chcemy i\u015b\u0107 pod pr\u0105d, wbrew \u015bwiatowym trendom, w kt\u00f3rych to skierowanie tylko na [&hellip;]<\/p>\n","protected":false},"author":1,"featured_media":0,"parent":0,"menu_order":0,"comment_status":"closed","ping_status":"closed","template":"","meta":{"_themeisle_gutenberg_block_has_review":false,"footnotes":""},"class_list":["post-65","page","type-page","status-publish","hentry"],"_links":{"self":[{"href":"http:\/\/glos-ojca.pl\/index.php\/wp-json\/wp\/v2\/pages\/65","targetHints":{"allow":["GET"]}}],"collection":[{"href":"http:\/\/glos-ojca.pl\/index.php\/wp-json\/wp\/v2\/pages"}],"about":[{"href":"http:\/\/glos-ojca.pl\/index.php\/wp-json\/wp\/v2\/types\/page"}],"author":[{"embeddable":true,"href":"http:\/\/glos-ojca.pl\/index.php\/wp-json\/wp\/v2\/users\/1"}],"replies":[{"embeddable":true,"href":"http:\/\/glos-ojca.pl\/index.php\/wp-json\/wp\/v2\/comments?post=65"}],"version-history":[{"count":3,"href":"http:\/\/glos-ojca.pl\/index.php\/wp-json\/wp\/v2\/pages\/65\/revisions"}],"predecessor-version":[{"id":124,"href":"http:\/\/glos-ojca.pl\/index.php\/wp-json\/wp\/v2\/pages\/65\/revisions\/124"}],"wp:attachment":[{"href":"http:\/\/glos-ojca.pl\/index.php\/wp-json\/wp\/v2\/media?parent=65"}],"curies":[{"name":"wp","href":"https:\/\/api.w.org\/{rel}","templated":true}]}}

<div class="wp-block-columns is-layout-flex wp-container-core-columns-is-layout-9d6595d7 wp-block-columns-is-layout-flex">
<div class="wp-block-column is-layout-flow wp-block-column-is-layout-flow" style="flex-basis:66.66%">
<p>Jesteśmy wspólnotą, która powstała w odpowiedzi na kryzys męskości w kościele i ojcostwa, spowodowany m.in. nadmierną pracą i nieobecnością mężczyzn w domu. Brak głowy rodziny odbija się na rozwoju nie tylko dzieci ale również w relacjach między małżonkami.&nbsp;Chcemy iść pod prąd, wbrew światowym trendom, w których to skierowanie tylko na osobisty rozwój oraz karierę jest często stawiane na pierwszym miejscu. Nasza wspólnota na pierwszym miejscu stawia Boga, który jest źródłem dobra i chcemy wzrastać w tej świadomości. Bóg jest najlepszym Ojcem, o którym dziś tak często się zapomina. Chcemy słuchać Jego Głosu, iść za Nim aby wzrastać w relacji z Nim ale również dzięki Niemu pogłębiać nasze kompetencje ojcowskie.</p>



<p>Do tego celu służą nam spotkania formacyjne, które odbywają się w każdy czwartek o 19.00 w salce pod plebania w parafii Matki Bożej Nieustającej Pomocy w Pruszkowie. Na spotkaniach formacyjnych, czytamy i rozważamy Słowo Boże z najbliższej niedzieli. Pozwala nam to lepiej przeżyć Msze święta i bardziej zrozumieć liturgię Słowa.</p>



<p>Poza spotkaniami formacyjnymi, raz w miesiącu staramy się organizować atrakcyjne spotkania z dziećmi tak, aby mogły się integrować, rozwijać, bawić oraz aktywnie i ciekawie spędzać czas.&nbsp;</p>
</div>



<div class="wp-block-column is-layout-flow wp-block-column-is-layout-flow" style="flex-basis:33.33%">
<figure class="wp-block-image size-full"><img loading="lazy" decoding="async" width="629" height="355" src="http://glos-ojca.pl/wp-content/uploads/2022/03/glos-ojca.png" alt="" class="wp-image-67" srcset="http://glos-ojca.pl/wp-content/uploads/2022/03/glos-ojca.png 629w, http://glos-ojca.pl/wp-content/uploads/2022/03/glos-ojca-300x169.png 300w, http://glos-ojca.pl/wp-content/uploads/2022/03/glos-ojca-18x10.png 18w" sizes="auto, (max-width: 629px) 100vw, 629px" /></figure>



<p><strong>Swoją tożsamość odnajdujemy w konkretnych słowach Ewangelii:</strong></p>



<p><strong><em>J 5, 19-20 &#8211; Jezus im mówił: «Zaprawdę, zaprawdę, powiadam wam: Syn nie może niczego czynić sam z siebie, jeśli nie widzi Ojca czyniącego. Albowiem to samo, co On czyni, podobnie i Syn czyni.  Ojciec bowiem miłuje Syna i ukazuje Mu to wszystko, co sam czyni, i jeszcze większe dzieła ukaże Mu, abyście się dziwili. </em></strong></p>
</div>
</div>



<p></p>

<p>Jesteśmy wspólnotą, która powstała w odpowiedzi na kryzys męskości w kościele i ojcostwa, spowodowany m.in. nadmierną pracą i nieobecnością mężczyzn w domu. Brak głowy rodziny odbija się na rozwoju nie tylko dzieci ale również w relacjach między małżonkami.&nbsp;Chcemy iść pod prąd, wbrew światowym trendom, w których to skierowanie tylko na [&hellip;]</p>
