{"id":76,"date":"2022-03-30T18:04:16","date_gmt":"2022-03-30T16:04:16","guid":{"rendered":"http:\/\/glos-ojca.pl\/?page_id=76"},"modified":"2022-03-30T18:04:17","modified_gmt":"2022-03-30T16:04:17","slug":"patroni-i-logo","status":"publish","type":"page","link":"http:\/\/glos-ojca.pl\/index.php\/patroni-i-logo\/","title":{"rendered":"Patroni i logo"},"content":{"rendered":"\n<section id=\"wp-block-themeisle-blocks-advanced-columns-0d54379d\" class=\"wp-block-themeisle-blocks-advanced-columns alignfull has-1-columns has-desktop-equal-layout has-tablet-equal-layout has-mobile-equal-layout has-vertical-flex-start\"><div class=\"wp-block-themeisle-blocks-advanced-columns-overlay\"><\/div><div class=\"innerblocks-wrap\">\n<div id=\"wp-block-themeisle-blocks-advanced-column-ba00a84a\" class=\"wp-block-themeisle-blocks-advanced-column\">\n<section id=\"wp-block-themeisle-blocks-advanced-columns-363eccc7\" class=\"wp-block-themeisle-blocks-advanced-columns has-2-columns has-desktop-equal-layout has-tablet-equal-layout has-mobile-collapsedRows-layout has-vertical-center\"><div class=\"wp-block-themeisle-blocks-advanced-columns-overlay\"><\/div><div class=\"innerblocks-wrap\">\n<div id=\"wp-block-themeisle-blocks-advanced-column-e32c15f5\" class=\"wp-block-themeisle-blocks-advanced-column\">\n<div id=\"wp-block-themeisle-blocks-advanced-heading-19d0ecdb\" class=\"wp-block-themeisle-blocks-advanced-heading wp-block-themeisle-blocks-advanced-heading-19d0ecdb\"><strong>Patronuje nam<\/strong><\/div>\n\n\n\n<h2 class=\"has-text-align-left wp-block-heading\">\u015awi\u0119ta Rodzina<\/h2>\n\n\n\n<p class=\"has-text-align-left\">Patronami naszej wsp\u00f3lnoty jest \u015bwi\u0119ta Rodzina. W dobie kryzysu rodziny, rozbijanych ma\u0142\u017ce\u0144stw, porzuconych dzieci chcemy pod patronatem Naj\u015bwi\u0119tszej Matki, kt\u00f3ra strze\u017ce naszych rodzin i ma\u0142\u017ce\u0144stw, \u015bw. J\u00f3zefa, kt\u00f3ry swym cichym przyk\u0142adem pokazuje jak by\u0107 wzorem dla dzieci, kt\u00f3re B\u00f3g nam powierzy\u0142, i\u015b\u0107 i wype\u0142nia\u0107 nasze powo\u0142anie bycia m\u0119\u017cami i ojcami. Pan Jezus, nasz Mistrz, czuwa wraz ze Swoj\u0105 Matk\u0105 i \u015bw. J\u00f3zefem nad nami.<\/p>\n\n\n\n<p>Nasi \u015bwi\u0119ci Patronowie, s\u0105 r\u00f3wnie\u017c wpisani w logo naszej wsp\u00f3lnoty.&nbsp;<\/p>\n<\/div>\n\n\n\n<div id=\"wp-block-themeisle-blocks-advanced-column-6e1f4afe\" class=\"wp-block-themeisle-blocks-advanced-column\">\n<figure class=\"wp-block-image size-full is-resized\"><img loading=\"lazy\" decoding=\"async\" src=\"http:\/\/glos-ojca.pl\/wp-content\/uploads\/2022\/03\/87872.png\" alt=\"\" class=\"wp-image-78\" width=\"345\" height=\"441\" srcset=\"http:\/\/glos-ojca.pl\/wp-content\/uploads\/2022\/03\/87872.png 600w, http:\/\/glos-ojca.pl\/wp-content\/uploads\/2022\/03\/87872-234x300.png 234w, http:\/\/glos-ojca.pl\/wp-content\/uploads\/2022\/03\/87872-9x12.png 9w\" sizes=\"auto, (max-width: 345px) 100vw, 345px\" \/><\/figure>\n<\/div>\n<\/div><\/section>\n\n\n\n<section id=\"wp-block-themeisle-blocks-advanced-columns-3db1a44f\" class=\"wp-block-themeisle-blocks-advanced-columns has-2-columns has-desktop-equal-layout has-tablet-equal-layout has-mobile-collapsedRows-layout has-vertical-center\"><div class=\"wp-block-themeisle-blocks-advanced-columns-overlay\"><\/div><div class=\"innerblocks-wrap\">\n<div id=\"wp-block-themeisle-blocks-advanced-column-4d559616\" class=\"wp-block-themeisle-blocks-advanced-column\">\n<figure class=\"wp-block-image size-large\"><img loading=\"lazy\" decoding=\"async\" width=\"982\" height=\"1024\" src=\"http:\/\/glos-ojca.pl\/wp-content\/uploads\/2022\/03\/cropped-logo-ostateczne-M-982x1024.png\" alt=\"\" class=\"wp-image-28\" srcset=\"http:\/\/glos-ojca.pl\/wp-content\/uploads\/2022\/03\/cropped-logo-ostateczne-M-982x1024.png 982w, http:\/\/glos-ojca.pl\/wp-content\/uploads\/2022\/03\/cropped-logo-ostateczne-M-288x300.png 288w, http:\/\/glos-ojca.pl\/wp-content\/uploads\/2022\/03\/cropped-logo-ostateczne-M-768x801.png 768w, http:\/\/glos-ojca.pl\/wp-content\/uploads\/2022\/03\/cropped-logo-ostateczne-M-1473x1536.png 1473w, http:\/\/glos-ojca.pl\/wp-content\/uploads\/2022\/03\/cropped-logo-ostateczne-M-1963x2048.png 1963w, http:\/\/glos-ojca.pl\/wp-content\/uploads\/2022\/03\/cropped-logo-ostateczne-M-12x12.png 12w\" sizes=\"auto, (max-width: 982px) 100vw, 982px\" \/><\/figure>\n<\/div>\n\n\n\n<div id=\"wp-block-themeisle-blocks-advanced-column-6b9e306f\" class=\"wp-block-themeisle-blocks-advanced-column\">\n<div id=\"wp-block-themeisle-blocks-advanced-heading-76f90c48\" class=\"wp-block-themeisle-blocks-advanced-heading wp-block-themeisle-blocks-advanced-heading-76f90c48\"><strong>Nasz<\/strong><\/div>\n\n\n\n<h2 class=\"has-text-align-left wp-block-heading\">Logotyp<\/h2>\n\n\n\n<p>W lewym dolnym rogu Krzy\u017ca, s\u0105 dwie obr\u0105czki z\u0142\u0105czone liter\u0105 M \u2013 jak Maryja i &#8222;ma\u0142\u017ce\u0144stwo&#8221;, &#8222;Matka&#8221; kt\u00f3ra czuwa nad ma\u0142\u017ce\u0144stwem naszych cz\u0142onk\u00f3w wsp\u00f3lnoty, kt\u00f3rej oddajemy nasze smutki i rado\u015bci i kt\u00f3rej pomocy wzywamy, jako najlepszej or\u0119downiczki.<\/p>\n\n\n\n<p>W prawym dolnym rogu, widzimy \u015bw. J\u00f3zefa, kt\u00f3ry przede wszystkim JEST z ma\u0142ym Jezusem. \u015aw. J\u00f3zef jest patronem naszych warsztat\u00f3w, st\u0105d &#8222;Warsztaty \u015bw. Jozefa&#8221;, na kt\u00f3rych id\u0105c za przyk\u0142adem naszego patrona JESTESMY z naszymi dzie\u0107mi, sp\u0119dzaj\u0105c czas zar\u00f3wno konstruktywnie w spos\u00f3b tw\u00f3rczy, jak r\u00f3wnie\u017c w formie zabawy i sportu.<\/p>\n\n\n\n<p>W prawym g\u00f3rnym rogu, widzimy r\u0119ce z\u0142o\u017cone, jest to symbol modlitwy, zar\u00f3wno tej indywidualnej wszystkich cz\u0142onk\u00f3w wsp\u00f3lnoty jak i tej wsp\u00f3lnotowej. W ko\u0144cu od modlitwy, wszystko si\u0119 zacz\u0119\u0142o.&nbsp;<\/p>\n\n\n\n<p>W lewym g\u00f3rnym rogu, nazwa naszej wsp\u00f3lnoty, na r\u00f3wni z modlitwa, na kt\u00f3rej ws\u0142uchujemy si\u0119 w G\u0142os Ojca, kt\u00f3ry prowadzi, wskazuje, pokrzepia i umacnia.<\/p>\n\n\n\n<p>Wszystkie te symbole s\u0105 umieszczone wok\u00f3\u0142 Krzy\u017ca, na kt\u00f3rym umar\u0142 Jezus i przez kt\u00f3ry, my grzeszni, mamy zbawienie.<\/p>\n\n\n\n<p>Razem te elementy loga s\u0105 w \u015brodku tarczy, bo one wszystkie, stanowi\u0105 tarcze przed tym co rozbija rodziny, oddziela ojc\u00f3w od dzieci, m\u0119\u017c\u00f3w od \u017con.\u00a0<\/p>\n<\/div>\n<\/div><\/section>\n<\/div>\n<\/div><\/section>\n","protected":false},"excerpt":{"rendered":"","protected":false},"author":1,"featured_media":0,"parent":0,"menu_order":0,"comment_status":"closed","ping_status":"closed","template":"","meta":{"_themeisle_gutenberg_block_has_review":false,"footnotes":""},"class_list":["post-76","page","type-page","status-publish","hentry"],"_links":{"self":[{"href":"http:\/\/glos-ojca.pl\/index.php\/wp-json\/wp\/v2\/pages\/76","targetHints":{"allow":["GET"]}}],"collection":[{"href":"http:\/\/glos-ojca.pl\/index.php\/wp-json\/wp\/v2\/pages"}],"about":[{"href":"http:\/\/glos-ojca.pl\/index.php\/wp-json\/wp\/v2\/types\/page"}],"author":[{"embeddable":true,"href":"http:\/\/glos-ojca.pl\/index.php\/wp-json\/wp\/v2\/users\/1"}],"replies":[{"embeddable":true,"href":"http:\/\/glos-ojca.pl\/index.php\/wp-json\/wp\/v2\/comments?post=76"}],"version-history":[{"count":1,"href":"http:\/\/glos-ojca.pl\/index.php\/wp-json\/wp\/v2\/pages\/76\/revisions"}],"predecessor-version":[{"id":79,"href":"http:\/\/glos-ojca.pl\/index.php\/wp-json\/wp\/v2\/pages\/76\/revisions\/79"}],"wp:attachment":[{"href":"http:\/\/glos-ojca.pl\/index.php\/wp-json\/wp\/v2\/media?parent=76"}],"curies":[{"name":"wp","href":"https:\/\/api.w.org\/{rel}","templated":true}]}}

<section id="wp-block-themeisle-blocks-advanced-columns-0d54379d" class="wp-block-themeisle-blocks-advanced-columns alignfull has-1-columns has-desktop-equal-layout has-tablet-equal-layout has-mobile-equal-layout has-vertical-flex-start"><div class="wp-block-themeisle-blocks-advanced-columns-overlay"></div><div class="innerblocks-wrap">
<div id="wp-block-themeisle-blocks-advanced-column-ba00a84a" class="wp-block-themeisle-blocks-advanced-column">
<section id="wp-block-themeisle-blocks-advanced-columns-363eccc7" class="wp-block-themeisle-blocks-advanced-columns has-2-columns has-desktop-equal-layout has-tablet-equal-layout has-mobile-collapsedRows-layout has-vertical-center"><div class="wp-block-themeisle-blocks-advanced-columns-overlay"></div><div class="innerblocks-wrap">
<div id="wp-block-themeisle-blocks-advanced-column-e32c15f5" class="wp-block-themeisle-blocks-advanced-column">
<div id="wp-block-themeisle-blocks-advanced-heading-19d0ecdb" class="wp-block-themeisle-blocks-advanced-heading wp-block-themeisle-blocks-advanced-heading-19d0ecdb"><strong>Patronuje nam</strong></div>



<h2 class="has-text-align-left wp-block-heading">Święta Rodzina</h2>



<p class="has-text-align-left">Patronami naszej wspólnoty jest święta Rodzina. W dobie kryzysu rodziny, rozbijanych małżeństw, porzuconych dzieci chcemy pod patronatem Najświętszej Matki, która strzeże naszych rodzin i małżeństw, św. Józefa, który swym cichym przykładem pokazuje jak być wzorem dla dzieci, które Bóg nam powierzył, iść i wypełniać nasze powołanie bycia mężami i ojcami. Pan Jezus, nasz Mistrz, czuwa wraz ze Swoją Matką i św. Józefem nad nami.</p>



<p>Nasi święci Patronowie, są również wpisani w logo naszej wspólnoty.&nbsp;</p>
</div>



<div id="wp-block-themeisle-blocks-advanced-column-6e1f4afe" class="wp-block-themeisle-blocks-advanced-column">
<figure class="wp-block-image size-full is-resized"><img loading="lazy" decoding="async" src="http://glos-ojca.pl/wp-content/uploads/2022/03/87872.png" alt="" class="wp-image-78" width="345" height="441" srcset="http://glos-ojca.pl/wp-content/uploads/2022/03/87872.png 600w, http://glos-ojca.pl/wp-content/uploads/2022/03/87872-234x300.png 234w, http://glos-ojca.pl/wp-content/uploads/2022/03/87872-9x12.png 9w" sizes="auto, (max-width: 345px) 100vw, 345px" /></figure>
</div>
</div></section>



<section id="wp-block-themeisle-blocks-advanced-columns-3db1a44f" class="wp-block-themeisle-blocks-advanced-columns has-2-columns has-desktop-equal-layout has-tablet-equal-layout has-mobile-collapsedRows-layout has-vertical-center"><div class="wp-block-themeisle-blocks-advanced-columns-overlay"></div><div class="innerblocks-wrap">
<div id="wp-block-themeisle-blocks-advanced-column-4d559616" class="wp-block-themeisle-blocks-advanced-column">
<figure class="wp-block-image size-large"><img loading="lazy" decoding="async" width="982" height="1024" src="http://glos-ojca.pl/wp-content/uploads/2022/03/cropped-logo-ostateczne-M-982x1024.png" alt="" class="wp-image-28" srcset="http://glos-ojca.pl/wp-content/uploads/2022/03/cropped-logo-ostateczne-M-982x1024.png 982w, http://glos-ojca.pl/wp-content/uploads/2022/03/cropped-logo-ostateczne-M-288x300.png 288w, http://glos-ojca.pl/wp-content/uploads/2022/03/cropped-logo-ostateczne-M-768x801.png 768w, http://glos-ojca.pl/wp-content/uploads/2022/03/cropped-logo-ostateczne-M-1473x1536.png 1473w, http://glos-ojca.pl/wp-content/uploads/2022/03/cropped-logo-ostateczne-M-1963x2048.png 1963w, http://glos-ojca.pl/wp-content/uploads/2022/03/cropped-logo-ostateczne-M-12x12.png 12w" sizes="auto, (max-width: 982px) 100vw, 982px" /></figure>
</div>



<div id="wp-block-themeisle-blocks-advanced-column-6b9e306f" class="wp-block-themeisle-blocks-advanced-column">
<div id="wp-block-themeisle-blocks-advanced-heading-76f90c48" class="wp-block-themeisle-blocks-advanced-heading wp-block-themeisle-blocks-advanced-heading-76f90c48"><strong>Nasz</strong></div>



<h2 class="has-text-align-left wp-block-heading">Logotyp</h2>



<p>W lewym dolnym rogu Krzyża, są dwie obrączki złączone literą M – jak Maryja i &#8222;małżeństwo&#8221;, &#8222;Matka&#8221; która czuwa nad małżeństwem naszych członków wspólnoty, której oddajemy nasze smutki i radości i której pomocy wzywamy, jako najlepszej orędowniczki.</p>



<p>W prawym dolnym rogu, widzimy św. Józefa, który przede wszystkim JEST z małym Jezusem. Św. Józef jest patronem naszych warsztatów, stąd &#8222;Warsztaty św. Jozefa&#8221;, na których idąc za przykładem naszego patrona JESTESMY z naszymi dziećmi, spędzając czas zarówno konstruktywnie w sposób twórczy, jak również w formie zabawy i sportu.</p>



<p>W prawym górnym rogu, widzimy ręce złożone, jest to symbol modlitwy, zarówno tej indywidualnej wszystkich członków wspólnoty jak i tej wspólnotowej. W końcu od modlitwy, wszystko się zaczęło.&nbsp;</p>



<p>W lewym górnym rogu, nazwa naszej wspólnoty, na równi z modlitwa, na której wsłuchujemy się w Głos Ojca, który prowadzi, wskazuje, pokrzepia i umacnia.</p>



<p>Wszystkie te symbole są umieszczone wokół Krzyża, na którym umarł Jezus i przez który, my grzeszni, mamy zbawienie.</p>



<p>Razem te elementy loga są w środku tarczy, bo one wszystkie, stanowią tarcze przed tym co rozbija rodziny, oddziela ojców od dzieci, mężów od żon. </p>
</div>
</div></section>
</div>
</div></section>
