{"id":93,"date":"2022-03-30T19:59:19","date_gmt":"2022-03-30T17:59:19","guid":{"rendered":"http:\/\/glos-ojca.pl\/?page_id=93"},"modified":"2022-03-30T20:05:53","modified_gmt":"2022-03-30T18:05:53","slug":"inicjatywy","status":"publish","type":"page","link":"http:\/\/glos-ojca.pl\/index.php\/inicjatywy\/","title":{"rendered":"Inicjatywy"},"content":{"rendered":"\n<section id=\"wp-block-themeisle-blocks-advanced-columns-dab9e0bf\" class=\"wp-block-themeisle-blocks-advanced-columns alignfull has-1-columns has-desktop-equal-layout has-tablet-equal-layout has-mobile-equal-layout has-vertical-flex-start\"><div class=\"wp-block-themeisle-blocks-advanced-columns-overlay\"><\/div><div class=\"innerblocks-wrap\">\n<div id=\"wp-block-themeisle-blocks-advanced-column-9df22226\" class=\"wp-block-themeisle-blocks-advanced-column\">\n<section id=\"wp-block-themeisle-blocks-advanced-columns-25c95699\" class=\"wp-block-themeisle-blocks-advanced-columns has-2-columns has-desktop-equal-layout has-tablet-equal-layout has-mobile-collapsedRows-layout has-vertical-flex-start\"><div class=\"wp-block-themeisle-blocks-advanced-columns-overlay\"><\/div><div class=\"innerblocks-wrap\">\n<div id=\"wp-block-themeisle-blocks-advanced-column-d4d9a4f8\" class=\"wp-block-themeisle-blocks-advanced-column\">\n<h2 class=\"has-text-align-left wp-block-heading\">Podejmujemy r\u00f3\u017cne dzia\u0142ania<\/h2>\n\n\n\n<p>Poza spotkaniami formacyjnymi, kt\u00f3re odbywaj\u0105 si\u0119 w ka\u017cdy czwartek o 19:00, podj\u0119li\u015bmy&nbsp; si\u0119 organizacji nast\u0119puj\u0105cych wydarze\u0144<\/p>\n<\/div>\n\n\n\n<div id=\"wp-block-themeisle-blocks-advanced-column-72980b22\" class=\"wp-block-themeisle-blocks-advanced-column\">\n<figure class=\"wp-block-image size-large\"><img loading=\"lazy\" decoding=\"async\" width=\"1024\" height=\"576\" src=\"http:\/\/glos-ojca.pl\/wp-content\/uploads\/2022\/03\/20211216_190327-1024x576.jpg\" alt=\"\" class=\"wp-image-95\" srcset=\"http:\/\/glos-ojca.pl\/wp-content\/uploads\/2022\/03\/20211216_190327-1024x576.jpg 1024w, http:\/\/glos-ojca.pl\/wp-content\/uploads\/2022\/03\/20211216_190327-300x169.jpg 300w, http:\/\/glos-ojca.pl\/wp-content\/uploads\/2022\/03\/20211216_190327-768x432.jpg 768w, http:\/\/glos-ojca.pl\/wp-content\/uploads\/2022\/03\/20211216_190327-1536x864.jpg 1536w, http:\/\/glos-ojca.pl\/wp-content\/uploads\/2022\/03\/20211216_190327-2048x1152.jpg 2048w, http:\/\/glos-ojca.pl\/wp-content\/uploads\/2022\/03\/20211216_190327-18x10.jpg 18w\" sizes=\"auto, (max-width: 1024px) 100vw, 1024px\" \/><\/figure>\n<\/div>\n<\/div><\/section>\n<\/div>\n<\/div><\/section>\n\n\n\n<section id=\"wp-block-themeisle-blocks-advanced-columns-debe9c02\" class=\"wp-block-themeisle-blocks-advanced-columns alignfull has-2-columns has-desktop-equal-layout has-tablet-equal-layout has-mobile-collapsedRows-layout has-vertical-flex-start\"><div class=\"wp-block-themeisle-blocks-advanced-columns-overlay\"><\/div><div class=\"innerblocks-wrap\">\n<div id=\"wp-block-themeisle-blocks-advanced-column-1cf06e66\" class=\"wp-block-themeisle-blocks-advanced-column\">\n<h3 class=\"has-text-align-left wp-block-heading\">WARSZTATY \u015aW. J\u00d3ZEFA<\/h3>\n\n\n\n<p><strong><em>Mt 25, 40 &#8211; \u201eZaprawd\u0119, powiadam wam: Wszystko, co uczynili\u015bcie jednemu z tych braci moich najmniejszych, Mnie\u015bcie uczynili\u201d<\/em><\/strong><\/p>\n\n\n\n<p>Jest to tw\u00f3rczy czas, sp\u0119dzony z naszymi dzie\u0107mi oraz dzie\u0107mi z naszej parafii oraz z parafii s\u0105siaduj\u0105cych. Uczymy najm\u0142odszych poprzez obs\u0142ug\u0119 r\u00f3\u017cnych maszyn, tw\u00f3rczej i zespo\u0142owej pracy (np. robili\u015bmy lampki, \u015bwieczniki, szachy od podstaw). W ramach tego czasu, organizujemy zaj\u0119cia sportowe, zabawy na \u015bwie\u017cym powietrzu a z czasem, pomys\u0142\u00f3w nam tylko przybywa. Jest to czas, w kt\u00f3rym r\u00f3wnie\u017c modlimy si\u0119 wraz z dzie\u0107mi wskazuj\u0105c, dzi\u0119ki Komu si\u0119 w tym czasie gromadzimy.<\/p>\n\n\n\n<h3 class=\"has-text-align-left wp-block-heading\">AGAPE<\/h3>\n\n\n\n<p><em><strong>Dz 2, 46 &#8211; Codziennie trwali jednomy\u015blnie w \u015bwi\u0105tyni, a \u0142ami\u0105c chleb po domach,\u00a0\u00a0\u00a0\u00a0 spo\u017cywali posi\u0142ek w rado\u015bci i prostocie serca.<\/strong><\/em><\/p>\n\n\n\n<p>Jest to czas, w kt\u00f3rym zasiadamy z naszym Panem do wsp\u00f3lnego sto\u0142u w Duchu jedno\u015bci i modlitwy. S\u0142uchamy S\u0142owa Bo\u017cego, rozwa\u017caj\u0105c Je, rozmawiaj\u0105c i jednocz\u0105c przy wsp\u00f3lnym posi\u0142ku.<\/p>\n\n\n\n<h3 class=\"wp-block-heading\">WSP\u00d3LNE WYJAZDY<\/h3>\n\n\n\n<p>J<strong><em> 5, 19 &#8211; W odpowiedzi na to Jezus im m\u00f3wi\u0142: \u00abZaprawd\u0119, zaprawd\u0119, powiadam wam:\u00a0 Syn nie mo\u017ce niczego czyni\u0107 sam z siebie, je\u015bli nie widzi Ojca czyni\u0105cego. Albowiem to samo, co On czyni, podobnie i Syn czyni.\u00a0<\/em><\/strong><\/p>\n\n\n\n<p>Jest to czas, w kt\u00f3rym si\u0119 organizujemy i wyje\u017cd\u017camy wsp\u00f3lnie z dzie\u0107mi. S\u0105 to zazwyczaj sp\u0142ywy kajakowe, po\u0142\u0105czone ze spaniem pod namiotami, wsp\u00f3lnym ogniskiem.<\/p>\n<\/div>\n\n\n\n<div id=\"wp-block-themeisle-blocks-advanced-column-d4271a31\" class=\"wp-block-themeisle-blocks-advanced-column\">\n<h3 class=\"has-text-align-left wp-block-heading\">PIELGRZYMKI<\/h3>\n\n\n\n<p><strong><em>\u0141k 18, 28-30 &#8211; W\u00f3wczas rzek\u0142 Piotr: \u00abOto my, opu\u015bciwszy swoj\u0105 w\u0142asno\u015b\u0107, poszli\u015bmy za Tob\u0105\u00bb.\u00a0 On im odpowiedzia\u0142: \u00abZaprawd\u0119, powiadam wam: Nikt nie opuszcza domu lub \u017cony, braci, rodzic\u00f3w lub dzieci dla kr\u00f3lestwa Bo\u017cego,\u00a0 \u017ceby nie otrzyma\u0142 daleko wi\u0119cej [jeszcze] w tym czasie, a w wieku przysz\u0142ym &#8211; \u017cycia wiecznego\u00bb.<\/em><\/strong><\/p>\n\n\n\n<ul class=\"wp-block-list\" type=\"a\"><li>Coroczne piesze pielgrzymki do Niepokalanowa z Pruszkowa z parafii Matki Bo\u017cej Nieustaj\u0105cej Pomocy. Wychodzimy w \u015bwi\u0119to Niepokalanego Pocz\u0119cia Naj\u015bwi\u0119tszej Marii Panny, tj. 8 grudnia o 4.00 nad ranem, aby zd\u0105\u017cy\u0107 na msz\u0119 na godzin\u0119 11.00 w bazylice. Jest to czas, wsp\u00f3lnej modlitwy, modlitwy w ciszy oraz wsp\u00f3lnych rozm\u00f3w, z kt\u00f3rych wychodzimy bogatsi.(Je\u015bli \u015bwi\u0119to wypada w ci\u0105gu tygodnia, decydujemy wcze\u015bniej, czy idziemy w weekend poprzedzaj\u0105cy to \u015bwi\u0119to lub w pierwszy weekend po tym \u015bwi\u0119cie.)<\/li><\/ul>\n\n\n\n<ul class=\"wp-block-list\"><li>Droga krzy\u017cowa &#8211; na wz\u00f3r EDK. Wychodzimy wsp\u00f3lnotowo z parafii Matki Bo\u017cej Nieustaj\u0105cej Pomocy w Pruszkowie oko\u0142o 21.00 i idziemy po\u0142\u0105czeni w modlitwie ca\u0142\u0105 noc. Stacjami drogi krzy\u017cowej s\u0105 parafie w Pruszkowie i wok\u00f3\u0142 Pruszkowa, takie jak parafia w Brwinowie, Podkowie Le\u015bnej, Nadarzynie czy Komorowie. Wychodzimy zawsze w pi\u0105tek, kt\u00f3ry poprzedza Wielki Pi\u0105tek.\u00a0<\/li><\/ul>\n\n\n\n<h3 class=\"has-text-align-left wp-block-heading\">REKOLEKCJE DLA M\u0118\u017bCZYZN<\/h3>\n\n\n\n<p><strong><em>Tes 5, 11 &#8211; Dlatego zach\u0119cajcie si\u0119 wzajemnie i budujcie jedni drugich, jak to zreszt\u0105 czynicie.<\/em><\/strong><\/p>\n\n\n\n<p>Jeden raz w roku organizujemy rekolekcje wyjazdowe dla m\u0119\u017cczyzn ze wsp\u00f3lnoty z kt\u00f3rych wracamy bogatsi i umocnieni w wierze. Byli\u015bmy m.in w takich miejscach jak Opactwo Benedyktyn\u00f3w w Ty\u0144cu jak r\u00f3wnie\u017c go\u015bcili\u015bmy w domu Wsp\u00f3lnoty \u017bycia Archidiecezji Przemyskiej we Wrocance.<\/p>\n<\/div>\n<\/div><\/section>\n","protected":false},"excerpt":{"rendered":"","protected":false},"author":1,"featured_media":0,"parent":0,"menu_order":0,"comment_status":"closed","ping_status":"closed","template":"","meta":{"_themeisle_gutenberg_block_has_review":false,"footnotes":""},"class_list":["post-93","page","type-page","status-publish","hentry"],"_links":{"self":[{"href":"http:\/\/glos-ojca.pl\/index.php\/wp-json\/wp\/v2\/pages\/93","targetHints":{"allow":["GET"]}}],"collection":[{"href":"http:\/\/glos-ojca.pl\/index.php\/wp-json\/wp\/v2\/pages"}],"about":[{"href":"http:\/\/glos-ojca.pl\/index.php\/wp-json\/wp\/v2\/types\/page"}],"author":[{"embeddable":true,"href":"http:\/\/glos-ojca.pl\/index.php\/wp-json\/wp\/v2\/users\/1"}],"replies":[{"embeddable":true,"href":"http:\/\/glos-ojca.pl\/index.php\/wp-json\/wp\/v2\/comments?post=93"}],"version-history":[{"count":8,"href":"http:\/\/glos-ojca.pl\/index.php\/wp-json\/wp\/v2\/pages\/93\/revisions"}],"predecessor-version":[{"id":105,"href":"http:\/\/glos-ojca.pl\/index.php\/wp-json\/wp\/v2\/pages\/93\/revisions\/105"}],"wp:attachment":[{"href":"http:\/\/glos-ojca.pl\/index.php\/wp-json\/wp\/v2\/media?parent=93"}],"curies":[{"name":"wp","href":"https:\/\/api.w.org\/{rel}","templated":true}]}}