{"id":17,"date":"2022-03-30T14:37:30","date_gmt":"2022-03-30T12:37:30","guid":{"rendered":"http:\/\/glos-ojca.pl\/?page_id=17"},"modified":"2022-03-30T17:24:04","modified_gmt":"2022-03-30T15:24:04","slug":"strona-glowna","status":"publish","type":"page","link":"https:\/\/glos-ojca.pl\/","title":{"rendered":"Strona g\u0142\u00f3wna"},"content":{"rendered":"\n<div class=\"wp-block-columns container is-layout-flex wp-container-core-columns-is-layout-9d6595d7 wp-block-columns-is-layout-flex\">\n<div class=\"wp-block-column col-md-5 is-layout-flow wp-block-column-is-layout-flow\">\n<div style=\"height:55px\" aria-hidden=\"true\" class=\"wp-block-spacer\"><\/div>\n\n\n\n<h2 class=\"wp-block-heading\">W odpowiedzi na to Jezus im m\u00f3wi\u0142:<\/h2>\n\n\n\n<p>Zaprawd\u0119, zaprawd\u0119, powiadam wam: Syn nie mo\u017ce niczego czyni\u0107 sam z siebie, je\u015bli nie widzi Ojca czyni\u0105cego. Albowiem to samo, co On czyni, podobnie i Syn czyni. <\/p>\n\n\n\n<p class=\"has-text-align-right\"><em>(J 5, 19)<\/em><\/p>\n<\/div>\n<\/div>\n","protected":false},"excerpt":{"rendered":"<p>W odpowiedzi na to Jezus im m\u00f3wi\u0142: Zaprawd\u0119, zaprawd\u0119, powiadam wam: Syn nie mo\u017ce niczego czyni\u0107 sam z siebie, je\u015bli nie widzi Ojca czyni\u0105cego. Albowiem to samo, co On czyni, podobnie i Syn czyni. (J 5, 19)<\/p>\n","protected":false},"author":1,"featured_media":63,"parent":0,"menu_order":0,"comment_status":"closed","ping_status":"closed","template":"","meta":{"_themeisle_gutenberg_block_has_review":false,"footnotes":""},"class_list":["post-17","page","type-page","status-publish","has-post-thumbnail","hentry"],"_links":{"self":[{"href":"https:\/\/glos-ojca.pl\/index.php\/wp-json\/wp\/v2\/pages\/17","targetHints":{"allow":["GET"]}}],"collection":[{"href":"https:\/\/glos-ojca.pl\/index.php\/wp-json\/wp\/v2\/pages"}],"about":[{"href":"https:\/\/glos-ojca.pl\/index.php\/wp-json\/wp\/v2\/types\/page"}],"author":[{"embeddable":true,"href":"https:\/\/glos-ojca.pl\/index.php\/wp-json\/wp\/v2\/users\/1"}],"replies":[{"embeddable":true,"href":"https:\/\/glos-ojca.pl\/index.php\/wp-json\/wp\/v2\/comments?post=17"}],"version-history":[{"count":4,"href":"https:\/\/glos-ojca.pl\/index.php\/wp-json\/wp\/v2\/pages\/17\/revisions"}],"predecessor-version":[{"id":70,"href":"https:\/\/glos-ojca.pl\/index.php\/wp-json\/wp\/v2\/pages\/17\/revisions\/70"}],"wp:featuredmedia":[{"embeddable":true,"href":"https:\/\/glos-ojca.pl\/index.php\/wp-json\/wp\/v2\/media\/63"}],"wp:attachment":[{"href":"https:\/\/glos-ojca.pl\/index.php\/wp-json\/wp\/v2\/media?parent=17"}],"curies":[{"name":"wp","href":"https:\/\/api.w.org\/{rel}","templated":true}]}}