{"id":80,"date":"2022-03-30T18:07:07","date_gmt":"2022-03-30T16:07:07","guid":{"rendered":"http:\/\/glos-ojca.pl\/?page_id=80"},"modified":"2022-04-05T00:10:23","modified_gmt":"2022-04-04T22:10:23","slug":"nasza-historia","status":"publish","type":"page","link":"https:\/\/glos-ojca.pl\/index.php\/nasza-historia\/","title":{"rendered":"Nasza historia"},"content":{"rendered":"\n<div class=\"wp-block-group\"><div class=\"wp-block-group__inner-container is-layout-flow wp-block-group-is-layout-flow\">\n<div class=\"wp-block-columns is-layout-flex wp-container-core-columns-is-layout-9d6595d7 wp-block-columns-is-layout-flex\">\n<div class=\"wp-block-column is-layout-flow wp-block-column-is-layout-flow\" style=\"flex-basis:100%\"><\/div>\n<\/div>\n<\/div><\/div>\n\n\n\n<p>W 2018 z kolegami, zorganizowali\u015bmy biwak dla dzieci blisko Pruszkowa. Mia\u0142o by\u0107 ognisko, wsp\u00f3lne gry, ale przede wszystkim to czego ka\u017cdemu brakowa\u0142o, czyli wsp\u00f3lne z dzie\u0107mi sp\u0119dzenie czasu. Samemu ci\u0119\u017cko si\u0119 zmobilizowa\u0107, grup\u0105 \u017ce\u015bmy zrobili to bardzo szybko. Gdy nadesz\u0142a ta sobota, zacz\u0105\u0142 bardzo pada\u0107 deszcz. Wszyscy spotkali\u015bmy si\u0119 w mieszkaniu jednego z koleg\u00f3w i zacz\u0119li\u015bmy si\u0119 zastanawia\u0107, czy jest sens jecha\u0107 w taka pogod\u0119\u2026 z jednej strony \u017cal nie jecha\u0107 bo zorganizowali\u015bmy si\u0119 wszyscy, z drugiej pogoda odstrasza\u0142a. Nagle jeden z nas, powiedzia\u0142, \u017ce taki biwak dzieciaki napewno b\u0119d\u0105 wspomina\u0107, takie dni, kt\u00f3re s\u0105 s\u0142oneczne b\u0119d\u0105 jednymi z wielu, w czasie kt\u00f3rych mog\u0142y rozpali\u0107 ognisko, ale zrobi\u0107 to w deszczu to dopiero co\u015b.<\/p>\n\n\n\n<p>Pojechali\u015bmy do sklepu budowlanego, kupili\u015bmy folie malarskie i ruszyli\u015bmy do miejsca docelowego. Zacz\u0119li\u015bmy robi\u0107 zadaszenie, rozpala\u0107 grilla, dzieciaki mia\u0142y przy tym wielka frajd\u0119. Gdy wszystko \u017ce\u015bmy roz\u0142o\u017cyli, wysz\u0142o s\u0142o\u0144ce.<\/p>\n\n\n\n<p>Pad\u0142a wtedy taka propozycja by za\u0142o\u017cy\u0107 wsp\u00f3lnot\u0119, je\u015bli Boga w ten czas nie &#8222;wmieszamy&#8221; to nic z tego nie wyjdzie, wszystko zacznie si\u0119 rozmywa\u0107. Postanowili\u015bmy si\u0119 spotyka\u0107 regularnie, narazie raz w miesi\u0105cu w gara\u017cu jednego z nas i raz w miesi\u0105cu organizowa\u0107 czas z dzie\u0107mi, raz w roku kilkudniowe rekolekcje.<\/p>\n\n\n\n<p>Spotykali\u015bmy si\u0119, bardziej poznaj\u0105c ni\u017c formuj\u0105c. Po roku gara\u017cowych spotka\u0144, zacz\u0119li\u015bmy spotyka\u0107 si\u0119 w parafii Matki Bo\u017cej Nieustaj\u0105cej Pomocy w Pruszkowie wraz z ksi\u0119dzem, omawiaj\u0105c m\u0119skie postacie z Pisma \u015awi\u0119tego i w oparciu o przyk\u0142ad tych postaci, podejmuj\u0105c pewne zobowi\u0105zania do wykonywania na co dzie\u0144.<\/p>\n\n\n\n<p>Gdy rozpocz\u0119\u0142a si\u0119 pandemia wr\u00f3cili\u015bmy do gara\u017cu, zwi\u0119kszaj\u0105c cz\u0119stotliwo\u015b\u0107 spotka\u0144 oraz zmieniaj\u0105c form\u0119. Zacz\u0119li\u015bmy przygotowywa\u0107 si\u0119 do niedzielnej mszy, medytuj\u0105c w domu nad S\u0142owem Bo\u017cym z niedzieli, kt\u00f3ra ma nadej\u015b\u0107 a na spotkaniu dzielili\u015bmy si\u0119 tym, co nas w tym S\u0142owie dotkn\u0119\u0142o.<\/p>\n\n\n\n<p>Po kolejnym roku takich gara\u017cowych spotka\u0144 i modlitwy, po tym jak restrykcje zwi\u0105zane z pandemia zosta\u0142y poluzowane wr\u00f3cili\u015bmy do spotka\u0144 na terenie ko\u015bcio\u0142a i w dalszym ci\u0105gu je kontynuujemy, rozwijaj\u0105c je oraz nasze inicjatywy.<\/p>\n\n\n\n<p><\/p>\n\n\n\n<p><\/p>\n\n\n\n<div class=\"wp-block-image\"><figure class=\"alignleft size-large is-resized\"><img loading=\"lazy\" decoding=\"async\" src=\"http:\/\/glos-ojca.pl\/wp-content\/uploads\/2022\/03\/20180526_160153-768x1024.jpg\" alt=\"\" class=\"wp-image-74\" width=\"521\" height=\"694\" srcset=\"https:\/\/glos-ojca.pl\/wp-content\/uploads\/2022\/03\/20180526_160153-768x1024.jpg 768w, https:\/\/glos-ojca.pl\/wp-content\/uploads\/2022\/03\/20180526_160153-225x300.jpg 225w, https:\/\/glos-ojca.pl\/wp-content\/uploads\/2022\/03\/20180526_160153-1152x1536.jpg 1152w, https:\/\/glos-ojca.pl\/wp-content\/uploads\/2022\/03\/20180526_160153-1536x2048.jpg 1536w, https:\/\/glos-ojca.pl\/wp-content\/uploads\/2022\/03\/20180526_160153-9x12.jpg 9w, https:\/\/glos-ojca.pl\/wp-content\/uploads\/2022\/03\/20180526_160153-scaled.jpg 1920w\" sizes=\"auto, (max-width: 521px) 100vw, 521px\" \/><figcaption><em>Pierwszy biwak 2018 na kt\u00f3rym nast\u0105pi\u0142o zawi\u0105zanie si\u0119 wsp\u00f3lnoty<\/em><\/figcaption><\/figure><\/div>\n\n\n\n<p>Wsp\u00f3lnota na pocz\u0105tku liczy\u0142a 5 os\u00f3b, teraz liczy ju\u017c 15. S\u0105 to nie tylko ludzie z Pruszkowa, ale i z Warszawy.<br><\/p>\n\n\n\n<p>W dalszym ci\u0105gu organizujemy wsp\u00f3lne spotkania, nie tylko z naszymi dzie\u0107mi, ale ze wszystkimi kt\u00f3rzy chc\u0105 dobrze sp\u0119dzi\u0107 czas z r\u00f3wie\u015bnikami. Mamy wiele pomys\u0142\u00f3w na organizacj\u0119 warsztat\u00f3w, zawod\u00f3w, sp\u0119dzania czasu na \u015bwie\u017cym powietrzu, kt\u00f3ry w dobie nauczania zdalnego oraz portali spo\u0142eczno\u015bciowych zast\u0119puj\u0105cych prawdziwe spotkania w realnym \u015bwiecie, wydaje si\u0119 dobrym pomys\u0142em.<\/p>\n","protected":false},"excerpt":{"rendered":"<p>W 2018 z kolegami, zorganizowali\u015bmy biwak dla dzieci blisko Pruszkowa. Mia\u0142o by\u0107 ognisko, wsp\u00f3lne gry, ale przede wszystkim to czego ka\u017cdemu brakowa\u0142o, czyli wsp\u00f3lne z dzie\u0107mi sp\u0119dzenie czasu. Samemu ci\u0119\u017cko si\u0119 zmobilizowa\u0107, grup\u0105 \u017ce\u015bmy zrobili to bardzo szybko. Gdy nadesz\u0142a ta sobota, zacz\u0105\u0142 bardzo pada\u0107 deszcz. Wszyscy spotkali\u015bmy si\u0119 w [&hellip;]<\/p>\n","protected":false},"author":1,"featured_media":0,"parent":0,"menu_order":0,"comment_status":"closed","ping_status":"closed","template":"","meta":{"_themeisle_gutenberg_block_has_review":false,"footnotes":""},"class_list":["post-80","page","type-page","status-publish","hentry"],"_links":{"self":[{"href":"https:\/\/glos-ojca.pl\/index.php\/wp-json\/wp\/v2\/pages\/80","targetHints":{"allow":["GET"]}}],"collection":[{"href":"https:\/\/glos-ojca.pl\/index.php\/wp-json\/wp\/v2\/pages"}],"about":[{"href":"https:\/\/glos-ojca.pl\/index.php\/wp-json\/wp\/v2\/types\/page"}],"author":[{"embeddable":true,"href":"https:\/\/glos-ojca.pl\/index.php\/wp-json\/wp\/v2\/users\/1"}],"replies":[{"embeddable":true,"href":"https:\/\/glos-ojca.pl\/index.php\/wp-json\/wp\/v2\/comments?post=80"}],"version-history":[{"count":5,"href":"https:\/\/glos-ojca.pl\/index.php\/wp-json\/wp\/v2\/pages\/80\/revisions"}],"predecessor-version":[{"id":186,"href":"https:\/\/glos-ojca.pl\/index.php\/wp-json\/wp\/v2\/pages\/80\/revisions\/186"}],"wp:attachment":[{"href":"https:\/\/glos-ojca.pl\/index.php\/wp-json\/wp\/v2\/media?parent=80"}],"curies":[{"name":"wp","href":"https:\/\/api.w.org\/{rel}","templated":true}]}}

<div class="wp-block-group"><div class="wp-block-group__inner-container is-layout-flow wp-block-group-is-layout-flow">
<div class="wp-block-columns is-layout-flex wp-container-core-columns-is-layout-9d6595d7 wp-block-columns-is-layout-flex">
<div class="wp-block-column is-layout-flow wp-block-column-is-layout-flow" style="flex-basis:100%"></div>
</div>
</div></div>



<p>W 2018 z kolegami, zorganizowaliśmy biwak dla dzieci blisko Pruszkowa. Miało być ognisko, wspólne gry, ale przede wszystkim to czego każdemu brakowało, czyli wspólne z dziećmi spędzenie czasu. Samemu ciężko się zmobilizować, grupą żeśmy zrobili to bardzo szybko. Gdy nadeszła ta sobota, zaczął bardzo padać deszcz. Wszyscy spotkaliśmy się w mieszkaniu jednego z kolegów i zaczęliśmy się zastanawiać, czy jest sens jechać w taka pogodę… z jednej strony żal nie jechać bo zorganizowaliśmy się wszyscy, z drugiej pogoda odstraszała. Nagle jeden z nas, powiedział, że taki biwak dzieciaki napewno będą wspominać, takie dni, które są słoneczne będą jednymi z wielu, w czasie których mogły rozpalić ognisko, ale zrobić to w deszczu to dopiero coś.</p>



<p>Pojechaliśmy do sklepu budowlanego, kupiliśmy folie malarskie i ruszyliśmy do miejsca docelowego. Zaczęliśmy robić zadaszenie, rozpalać grilla, dzieciaki miały przy tym wielka frajdę. Gdy wszystko żeśmy rozłożyli, wyszło słońce.</p>



<p>Padła wtedy taka propozycja by założyć wspólnotę, jeśli Boga w ten czas nie &#8222;wmieszamy&#8221; to nic z tego nie wyjdzie, wszystko zacznie się rozmywać. Postanowiliśmy się spotykać regularnie, narazie raz w miesiącu w garażu jednego z nas i raz w miesiącu organizować czas z dziećmi, raz w roku kilkudniowe rekolekcje.</p>



<p>Spotykaliśmy się, bardziej poznając niż formując. Po roku garażowych spotkań, zaczęliśmy spotykać się w parafii Matki Bożej Nieustającej Pomocy w Pruszkowie wraz z księdzem, omawiając męskie postacie z Pisma Świętego i w oparciu o przykład tych postaci, podejmując pewne zobowiązania do wykonywania na co dzień.</p>



<p>Gdy rozpoczęła się pandemia wróciliśmy do garażu, zwiększając częstotliwość spotkań oraz zmieniając formę. Zaczęliśmy przygotowywać się do niedzielnej mszy, medytując w domu nad Słowem Bożym z niedzieli, która ma nadejść a na spotkaniu dzieliliśmy się tym, co nas w tym Słowie dotknęło.</p>



<p>Po kolejnym roku takich garażowych spotkań i modlitwy, po tym jak restrykcje związane z pandemia zostały poluzowane wróciliśmy do spotkań na terenie kościoła i w dalszym ciągu je kontynuujemy, rozwijając je oraz nasze inicjatywy.</p>



<p></p>



<p></p>



<div class="wp-block-image"><figure class="alignleft size-large is-resized"><img loading="lazy" decoding="async" src="http://glos-ojca.pl/wp-content/uploads/2022/03/20180526_160153-768x1024.jpg" alt="" class="wp-image-74" width="521" height="694" srcset="https://glos-ojca.pl/wp-content/uploads/2022/03/20180526_160153-768x1024.jpg 768w, https://glos-ojca.pl/wp-content/uploads/2022/03/20180526_160153-225x300.jpg 225w, https://glos-ojca.pl/wp-content/uploads/2022/03/20180526_160153-1152x1536.jpg 1152w, https://glos-ojca.pl/wp-content/uploads/2022/03/20180526_160153-1536x2048.jpg 1536w, https://glos-ojca.pl/wp-content/uploads/2022/03/20180526_160153-9x12.jpg 9w, https://glos-ojca.pl/wp-content/uploads/2022/03/20180526_160153-scaled.jpg 1920w" sizes="auto, (max-width: 521px) 100vw, 521px" /><figcaption><em>Pierwszy biwak 2018 na którym nastąpiło zawiązanie się wspólnoty</em></figcaption></figure></div>



<p>Wspólnota na początku liczyła 5 osób, teraz liczy już 15. Są to nie tylko ludzie z Pruszkowa, ale i z Warszawy.<br></p>



<p>W dalszym ciągu organizujemy wspólne spotkania, nie tylko z naszymi dziećmi, ale ze wszystkimi którzy chcą dobrze spędzić czas z rówieśnikami. Mamy wiele pomysłów na organizację warsztatów, zawodów, spędzania czasu na świeżym powietrzu, który w dobie nauczania zdalnego oraz portali społecznościowych zastępujących prawdziwe spotkania w realnym świecie, wydaje się dobrym pomysłem.</p>

<p>W 2018 z kolegami, zorganizowaliśmy biwak dla dzieci blisko Pruszkowa. Miało być ognisko, wspólne gry, ale przede wszystkim to czego każdemu brakowało, czyli wspólne z dziećmi spędzenie czasu. Samemu ciężko się zmobilizować, grupą żeśmy zrobili to bardzo szybko. Gdy nadeszła ta sobota, zaczął bardzo padać deszcz. Wszyscy spotkaliśmy się w [&hellip;]</p>
